[INFO] cloning repository https://github.com/iminotech/cc-rust
[INFO] running `Command { std: "git" "-c" "credential.helper=" "-c" "credential.helper=/workspace/cargo-home/bin/git-credential-null" "clone" "--bare" "https://github.com/iminotech/cc-rust" "/workspace/cache/git-repos/https%3A%2F%2Fgithub.com%2Fiminotech%2Fcc-rust", kill_on_drop: false }`
[INFO] [stderr] Cloning into bare repository '/workspace/cache/git-repos/https%3A%2F%2Fgithub.com%2Fiminotech%2Fcc-rust'...
[INFO] running `Command { std: "git" "rev-parse" "HEAD", kill_on_drop: false }`
[INFO] [stdout] 9b285222cc4c408e6ce0217b5094cfb31006f9ba
[INFO] checking iminotech/cc-rust against master#af3c6e733a40e671550e0f0f5aeecaa13772ba56 for pr-74989
[INFO] running `Command { std: "git" "clone" "/workspace/cache/git-repos/https%3A%2F%2Fgithub.com%2Fiminotech%2Fcc-rust" "/workspace/builds/worker-2/source", kill_on_drop: false }`
[INFO] [stderr] Cloning into '/workspace/builds/worker-2/source'...
[INFO] [stderr] done.
[INFO] validating manifest of git repo https://github.com/iminotech/cc-rust on toolchain af3c6e733a40e671550e0f0f5aeecaa13772ba56
[INFO] running `Command { std: "/workspace/cargo-home/bin/cargo" "+af3c6e733a40e671550e0f0f5aeecaa13772ba56" "read-manifest" "--manifest-path" "Cargo.toml", kill_on_drop: false }`
[INFO] started tweaking git repo https://github.com/iminotech/cc-rust
[INFO] finished tweaking git repo https://github.com/iminotech/cc-rust
[INFO] tweaked toml for git repo https://github.com/iminotech/cc-rust written to /workspace/builds/worker-2/source/Cargo.toml
[INFO] crate git repo https://github.com/iminotech/cc-rust already has a lockfile, it will not be regenerated
[INFO] running `Command { std: "/workspace/cargo-home/bin/cargo" "+af3c6e733a40e671550e0f0f5aeecaa13772ba56" "fetch" "--locked" "--manifest-path" "Cargo.toml", kill_on_drop: false }`
[INFO] running `Command { std: "docker" "create" "-v" "/var/lib/crater-agent-workspace/builds/worker-2/target:/opt/rustwide/target:rw,Z" "-v" "/var/lib/crater-agent-workspace/builds/worker-2/source:/opt/rustwide/workdir:ro,Z" "-v" "/var/lib/crater-agent-workspace/cargo-home:/opt/rustwide/cargo-home:ro,Z" "-v" "/var/lib/crater-agent-workspace/rustup-home:/opt/rustwide/rustup-home:ro,Z" "-e" "SOURCE_DIR=/opt/rustwide/workdir" "-e" "CARGO_TARGET_DIR=/opt/rustwide/target" "-e" "CARGO_HOME=/opt/rustwide/cargo-home" "-e" "RUSTUP_HOME=/opt/rustwide/rustup-home" "-w" "/opt/rustwide/workdir" "-m" "1610612736" "--user" "0:0" "--network" "none" "rustops/crates-build-env@sha256:d92eaeed33fa75130ca1ee6c8a01d1ffb62bac859dfdfb3450e3e5d1c0146529" "/opt/rustwide/cargo-home/bin/cargo" "+af3c6e733a40e671550e0f0f5aeecaa13772ba56" "metadata" "--no-deps" "--format-version=1", kill_on_drop: false }`
[INFO] [stdout] 91f3570e954e945d810c4197e2a716f65d810c51917b575c0022bebc160f7f0d
[INFO] [stderr] WARNING: Your kernel does not support swap limit capabilities or the cgroup is not mounted. Memory limited without swap.
[INFO] running `Command { std: "docker" "start" "-a" "91f3570e954e945d810c4197e2a716f65d810c51917b575c0022bebc160f7f0d", kill_on_drop: false }`
[INFO] running `Command { std: "docker" "inspect" "91f3570e954e945d810c4197e2a716f65d810c51917b575c0022bebc160f7f0d", kill_on_drop: false }`
[INFO] running `Command { std: "docker" "rm" "-f" "91f3570e954e945d810c4197e2a716f65d810c51917b575c0022bebc160f7f0d", kill_on_drop: false }`
[INFO] [stdout] 91f3570e954e945d810c4197e2a716f65d810c51917b575c0022bebc160f7f0d
[INFO] running `Command { std: "docker" "create" "-v" "/var/lib/crater-agent-workspace/builds/worker-2/target:/opt/rustwide/target:rw,Z" "-v" "/var/lib/crater-agent-workspace/builds/worker-2/source:/opt/rustwide/workdir:ro,Z" "-v" "/var/lib/crater-agent-workspace/cargo-home:/opt/rustwide/cargo-home:ro,Z" "-v" "/var/lib/crater-agent-workspace/rustup-home:/opt/rustwide/rustup-home:ro,Z" "-e" "SOURCE_DIR=/opt/rustwide/workdir" "-e" "CARGO_TARGET_DIR=/opt/rustwide/target" "-e" "CARGO_INCREMENTAL=0" "-e" "RUST_BACKTRACE=full" "-e" "RUSTFLAGS=--cap-lints=forbid" "-e" "CARGO_HOME=/opt/rustwide/cargo-home" "-e" "RUSTUP_HOME=/opt/rustwide/rustup-home" "-w" "/opt/rustwide/workdir" "-m" "1610612736" "--user" "0:0" "--network" "none" "rustops/crates-build-env@sha256:d92eaeed33fa75130ca1ee6c8a01d1ffb62bac859dfdfb3450e3e5d1c0146529" "/opt/rustwide/cargo-home/bin/cargo" "+af3c6e733a40e671550e0f0f5aeecaa13772ba56" "check" "--frozen" "--all" "--all-targets" "--message-format=json", kill_on_drop: false }`
[INFO] [stdout] 0ccc0dc8453765afdf03a6b533c41f82353678041c43268d3aa50ee1f68d5ce7
[INFO] [stderr] WARNING: Your kernel does not support swap limit capabilities or the cgroup is not mounted. Memory limited without swap.
[INFO] running `Command { std: "docker" "start" "-a" "0ccc0dc8453765afdf03a6b533c41f82353678041c43268d3aa50ee1f68d5ce7", kill_on_drop: false }`
[INFO] [stderr]     Checking cc-rust v0.1.0 (/opt/rustwide/workdir)
[INFO] [stdout] error: empty character literal
[INFO] [stdout]   --> src/prototypes/mod.rs:29:16
[INFO] [stdout]    |
[INFO] [stdout] 29 |   if &read == ''
[INFO] [stdout]    |                ^
[INFO] [stdout] 
[INFO] [stdout] 
[INFO] [stdout] error: missing `in` in `for` loop
[INFO] [stdout]   --> src/prototypes/mod.rs:27:10
[INFO] [stdout]    |
[INFO] [stdout] 27 |   for arg.len() in _ {
[INFO] [stdout]    |          ^ help: try adding `in` here
[INFO] [stdout] 
[INFO] [stdout] 
[INFO] [stdout] error: expected expression, found `.`
[INFO] [stdout]   --> src/prototypes/mod.rs:27:10
[INFO] [stdout]    |
[INFO] [stdout] 27 |   for arg.len() in _ {
[INFO] [stdout]    |          ^ expected expression
[INFO] [stdout] 
[INFO] [stdout] 
[INFO] [stdout] error: empty character literal
[INFO] [stdout]   --> src/prototypes/mod.rs:29:16
[INFO] [stdout]    |
[INFO] [stdout] 29 |   if &read == ''
[INFO] [stdout]    |                ^
[INFO] [stdout] 
[INFO] [stdout] 
[INFO] [stdout] error: missing `in` in `for` loop
[INFO] [stdout]   --> src/prototypes/mod.rs:27:10
[INFO] [stdout]    |
[INFO] [stdout] 27 |   for arg.len() in _ {
[INFO] [stdout]    |          ^ help: try adding `in` here
[INFO] [stdout] 
[INFO] [stdout] 
[INFO] [stdout] error: expected expression, found `.`
[INFO] [stdout]   --> src/prototypes/mod.rs:27:10
[INFO] [stdout]    |
[INFO] [stdout] 27 |   for arg.len() in _ {
[INFO] [stdout]    |          ^ expected expression
[INFO] [stdout] 
[INFO] [stdout] 
[INFO] [stdout] warning: unused imports: `iter`, `slice`
[INFO] [stdout]  --> src/prototypes/mod.rs:3:3
[INFO] [stdout]   |
[INFO] [stdout] 3 |   slice,
[INFO] [stdout]   |   ^^^^^
[INFO] [stdout] 4 |   iter
[INFO] [stdout]   |   ^^^^
[INFO] [stdout]   |
[INFO] [stdout]   = note: `#[warn(unused_imports)]` on by default
[INFO] [stdout] 
[INFO] [stdout] 
[INFO] [stdout] error: unexpected end of macro invocation
[INFO] [stdout]   --> src/prototypes/mod.rs:42:5
[INFO] [stdout]    |
[INFO] [stdout] 42 |     assert_eq!();
[INFO] [stdout]    |     ^^^^^^^^^^^^^ missing tokens in macro arguments
[INFO] [stdout] 
[INFO] [stdout] 
[INFO] [stdout] warning: unused imports: `iter`, `slice`
[INFO] [stdout]  --> src/prototypes/mod.rs:3:3
[INFO] [stdout]   |
[INFO] [stdout] 3 |   slice,
[INFO] [stdout]   |   ^^^^^
[INFO] [stdout] 4 |   iter
[INFO] [stdout]   |   ^^^^
[INFO] [stdout]   |
[INFO] [stdout]   = note: `#[warn(unused_imports)]` on by default
[INFO] [stdout] 
[INFO] [stdout] 
[INFO] [stdout] warning: unused import: `super::*`
[INFO] [stdout]   --> src/prototypes/mod.rs:38:7
[INFO] [stdout]    |
[INFO] [stdout] 38 |   use super::*;
[INFO] [stdout]    |       ^^^^^^^^
[INFO] [stdout] 
[INFO] [stdout] 
[INFO] [stdout] error[E0277]: a value of type `Vec<char>` cannot be built from an iterator over elements of type `String`
[INFO] [stdout]   --> src/prototypes/mod.rs:18:37
[INFO] [stdout]    |
[INFO] [stdout] 18 |   let arg : Vec<char> = env::args().collect();
[INFO] [stdout]    |                                     ^^^^^^^ value of type `Vec<char>` cannot be built from `std::iter::Iterator<Item=String>`
[INFO] [stdout]    |
[INFO] [stdout]    = help: the trait `FromIterator<String>` is not implemented for `Vec<char>`
[INFO] [stdout] 
[INFO] [stdout] 
[INFO] [stdout] error[E0599]: no method named `parse` found for type `char` in the current scope
[INFO] [stdout]   --> src/prototypes/mod.rs:25:39
[INFO] [stdout]    |
[INFO] [stdout] 25 |   println!("  mov rax, {}\n", &arg[1].parse::<i32>().unwrap() );
[INFO] [stdout]    |                                       ^^^^^ method not found in `char`
[INFO] [stdout] 
[INFO] [stdout] 
[INFO] [stdout] error: aborting due to 5 previous errors; 1 warning emitted
[INFO] [stdout] 
[INFO] [stdout] 
[INFO] [stdout] Some errors have detailed explanations: E0277, E0599.
[INFO] [stdout] 
[INFO] [stdout] For more information about an error, try `rustc --explain E0277`.
[INFO] [stdout] 
[INFO] [stdout] error[E0277]: a value of type `Vec<char>` cannot be built from an iterator over elements of type `String`
[INFO] [stdout]   --> src/prototypes/mod.rs:18:37
[INFO] [stdout]    |
[INFO] [stdout] 18 |   let arg : Vec<char> = env::args().collect();
[INFO] [stdout]    |                                     ^^^^^^^ value of type `Vec<char>` cannot be built from `std::iter::Iterator<Item=String>`
[INFO] [stdout]    |
[INFO] [stdout]    = help: the trait `FromIterator<String>` is not implemented for `Vec<char>`
[INFO] [stdout] 
[INFO] [stdout] 
[INFO] [stdout] error[E0599]: no method named `parse` found for type `char` in the current scope
[INFO] [stdout]   --> src/prototypes/mod.rs:25:39
[INFO] [stdout]    |
[INFO] [stdout] 25 |   println!("  mov rax, {}\n", &arg[1].parse::<i32>().unwrap() );
[INFO] [stdout]    |                                       ^^^^^ method not found in `char`
[INFO] [stdout] 
[INFO] [stdout] 
[INFO] [stdout] error: aborting due to 6 previous errors; 2 warnings emitted
[INFO] [stdout] 
[INFO] [stdout] 
[INFO] [stdout] Some errors have detailed explanations: E0277, E0599.
[INFO] [stdout] 
[INFO] [stdout] For more information about an error, try `rustc --explain E0277`.
[INFO] [stdout] 
[INFO] [stderr] error: could not compile `cc-rust`.
[INFO] [stderr] 
[INFO] [stderr] To learn more, run the command again with --verbose.
[INFO] [stderr] warning: build failed, waiting for other jobs to finish...
[INFO] [stderr] error: build failed
[INFO] running `Command { std: "docker" "inspect" "0ccc0dc8453765afdf03a6b533c41f82353678041c43268d3aa50ee1f68d5ce7", kill_on_drop: false }`
[INFO] running `Command { std: "docker" "rm" "-f" "0ccc0dc8453765afdf03a6b533c41f82353678041c43268d3aa50ee1f68d5ce7", kill_on_drop: false }`
[INFO] [stdout] 0ccc0dc8453765afdf03a6b533c41f82353678041c43268d3aa50ee1f68d5ce7
